o**2 + 6 - o - 2 + 1. Suppose -25*l = 409 - 59. What is the remainder when 54 is divided by q(l)?
16
Let i(x) = 10*x**2 + 5*x - 1. Let j be i(3). Calculate the remainder when (-1)/(-2) - 254/(-4) is divided by ((-2)/(-8))/(2/j).
12
What is the remainder when ((-108)/81)/((-1)/(39/2)) is divided by 6?
2
Let c be (-18)/42 - 146/(-14). Let i(b) = -4*b. What is the remainder when 14/10 - 1 - (-386)/c is divided by i(-5)?
19
Let o = 1344 - 1283. Calculate the remainder when o is divided by 7.
5
Let r = 66 - 8. Let q = 48 + -33. Calculate the remainder when r is divided by q.
13
Suppose 4*w + d - 376 = -3*d, 6*w + 3*d - 570 = 0. What is the remainder when 4605 is divided by w?
93
Calculate the remainder when ((-15)/(-2))/3*(66 - -22) is divided by 37.
35
Suppose -5*l = -5*g + 2*g + 10, -2*l = -2. What is the remainder when 53 is divided by g?
3
Suppose -5 = -r - 2*v - 1, 71 = 4*r - 3*v. Calculate the remainder when 15 is divided by r.
1
Let r(z) = 9*z**2 - 2*z + 1. Calculate the remainder when r(-4) is divided by 81/(-9) - 310/(-10).
21
Suppose 5*r = -2*r + 42. Let n = r - -4. Let m = n - -3. Calculate the remainder when 23 is divided by m.
10
Let c(p) = p**2 + 2*p - 1. Calculate the remainder when c(-4) is divided by (-1 - 3) + 2*3.
1
Suppose 11 = 4*h + a, -3*h = -7*a + 2*a - 14. Let l = h - -3. Let w = l - 1. What is the remainder when 11 is divided by w?
1
Suppose 10*m + 271 = 811. What is the remainder when 64 is divided by m?
10
Suppose -40 = -5*l + 35. Calculate the remainder when (10/4 + -2)*2*44 is divided by l.
14
Suppose 3*d - t - 6 = 10, -6 = -2*d + 3*t. What is the remainder when 20 is divided by d?
2
Let g(b) = b**3 + 7*b**2 + 4*b - 2. Let l(z) = z**2 - 2*z + 3. Let d be l(2). Suppose d*i + 6*i = 261. What is the remainder when i is divided by g(-6)?
9
Suppose 13*i = 10*i + 30. Suppose 0*y + 2*y = i. Calculate the remainder when 9 is divided by y.
4
Suppose 20 = -2*n - 88. Let p = -52 - -67. Calculate the remainder when -4*(-5)/((-40)/n) is divided by p.
12
Let a(k) = -7*k. Suppose 2*b - 11 = v, -9*b = -5*b - 4*v - 20. What is the remainder when a(-4) is divided by b?
4
Suppose 6*h - h = 80. Let u = 5 - 4. What is the remainder when h is divided by -2 + 4 - (-8 + u)?
7
Let t = -853 - -1592. Suppose 2*r - 295 = -2*s + r, -2*r = 5*s - t. What is the remainder when s is divided by 15?
14
Suppose v = -5*l + 109, v + 9 + 102 = 5*l. Let d = -8 + l. Let o(i) = 55*i**2 + 4*i + 2. Calculate the remainder when o(-1) is divided by d.
11
Let x(v) = -v**2 + v + 102. Let p = -8 - -8. What is the remainder when x(p) is divided by 35?
32
Let y(c) = -c**3 - 5*c**2 - 5*c + 2. Let a be y(-4). Suppose 3*r + 144 = a*r. Suppose 6*h - h - 85 = 0. Calculate the remainder when r is divided by h.
14
Let c = 7 + 1. Let r = 324 + -319. What is the remainder when c is divided by r?
3
Let q = 141 - 53. Suppose -20 = -3*t + 2*i + 76, 0 = 3*i + 9. Calculate the remainder when q is divided by t.
28
Let m be (0 - -3)/((-3)/21). Let b = 22 - 6. What is the remainder when (-3 + -3 - -3)*m is divided by b?
15
Let m = 118 + -96. Calculate the remainder when 94 is divided by m.
6
Suppose 11*n - 126 = -27. What is the remainder when (90/(-25) + 4)*25 is divided by n?
1
Suppose -4*c + 0*c = 2*t - 18, 5*c + 15 = 5*t. Suppose 3*y - 5*y = -28. What is the remainder when y is divided by t?
4
Suppose 172 = 3*i + i. Let s = -477 - -499. Calculate the remainder when i is divided by s.
21
Suppose 1250 + 84 = 58*u. Calculate the remainder when u is divided by 14.
9
Let m be 5 + 0 + (3 - 3). Let p(v) = v**3 - 5*v**2 + 1. Let k be p(m). What is the remainder when (k + 2)/3*14 is divided by 8?
6
Suppose -4*n = -2*p - 140, 2*n - 7*p = -5*p + 74. Calculate the remainder when 263 is divided by n.
32
Let b(h) = -h + 6. Let w be b(6). Suppose w = 2*j - 6*j - 52. Let p(q) = -2*q - 20. Calculate the remainder when 21 is divided by p(j).
3
Let x(c) = 71*c - 3. Let w be (-3 - 0) + 4 + 1. Let r be x(w). Suppose 5*a - t = r, -t = 3*a - 3*t - 89. Calculate the remainder when a is divided by 7.
6
Suppose q - 48 = -4*z + 5*q, 2*z + 3*q = 34. Calculate the remainder when 48 is divided by z.
6
Suppose -d + 2*k + 66 = 0, -3*k - 68 = -d + k. What is the remainder when (-19)/((-38)/d) + (0 - -1) is divided by 18?
15
Let j = 11 - 3. Let f = j + 41. Calculate the remainder when f is divided by 26.
23
Let u(g) = 5*g**2 - 3*g - 4. Let q be u(-4). Let k = -24 + q. Suppose -3*i - 37*i + 391 = -17*i. What is the remainder when k is divided by i?
13
Let i(y) = 7*y - 2. Suppose 66 + 7 = n. What is the remainder when n is divided by i(3)?
16
Suppose t + 8 = 28. Suppose 0*c - 224 = 4*c. What is the remainder when (-1 + c)/(6/(-4)) is divided by t?
18
Let d(n) = 2*n**3 + 14*n**2 + 17*n + 70. Calculate the remainder when 48 is divided by d(-6).
8
Let s = -21 + 29. Suppose 37 = 4*j - 3*k + s, 4*k = -2*j - 2. Calculate the remainder when 21 is divided by 9*4/30*j.
3
Let j = 1246 - 1051. What is the remainder when j is divided by 54?
33
Suppose 3*s = -9, 0 = -3*m - 2*s + 5*s. What is the remainder when 7 is divided by 9/18 - m/2?
1
Suppose -5*a = -62 - 3. Calculate the remainder when (-2)/5 - -183*(-12)/(-90) is divided by a.
11
Suppose 2*k = 3*q + 2*q - 104, 0 = 4*k + 8. Suppose 5*i = 10 + q. What is the remainder when 16 is divided by i?
4
Suppose -2*m + 3*h - 1 = -10, -h - 7 = -2*m. Suppose -4*c - 4 = -8*c + 2*t, 5*t = 2*c - 2. Calculate the remainder when m is divided by c.
0
Suppose g - 11 - 3 = 0. Suppose 6*v + 752 = g*v. What is the remainder when v is divided by 25?
19
Let r(k) = k**3 - 17*k**2 - 17*k - 13. Suppose 92 = 5*q - 2*o, q = 4*o - o + 21. Suppose -4*i - 4 + 12 = 0. Calculate the remainder when r(q) is divided by i.
1
Let x(k) = 11*k**3 - k**2 - 2. What is the remainder when x(2) is divided by (-26 + 28)*34/4?
14
Suppose 4*v + 5*z - 21 - 86 = 0, -5*v = 3*z - 137. Calculate the remainder when 15975/195 - (-10)/130 is divided by v.
26
Suppose -4*k - 3*g - 60 = -228, -k - 3*g + 51 = 0. Calculate the remainder when k is divided by 5.
4
Let c = -655 - -669. Calculate the remainder when 93 is divided by c.
9
Suppose -4*g = -0*g - 428. Suppose 5*x = -5*k + 85, -139*x = -142*x + 2*k + 76. What is the remainder when g is divided by x?
19
What is the remainder when 96 is divided by 31 - 9/(-6)*-4?
21
Calculate the remainder when 118 is divided by (-4624)/(-72) - 14 - 4/18.
18
Let r(s) = 7*s + 15. Let j be r(-7). Let b(z) = -2*z - 1. Let a be b(1). What is the remainder when 67 is divided by (a/(-1))/((-6)/j)?
16
Let p = -56 + 53. Let q = 7 + p. Calculate the remainder when 42/4 + (-1)/2 is divided by q.
2
Let y(n) = -n + 69. Calculate the remainder when 247 is divided by y(-17).
75
Let y = 553 - 444. What is the remainder when y is divided by 57?
52
Suppose 0 = 4*u + 4*j - 3*j - 26, -4*u = 5*j - 18. Calculate the remainder when 40 is divided by u.
5
Let g be 2/(((-3)/48)/(-1)). Let f = -4 + g. What is the remainder when f is divided by 15?
13
Let d = 95 - 76. Calculate the remainder when 54 is divided by d.
16
Suppose 51*o - 3096 = 3891. What is the remainder when o is divided by 29?
21
Let i(v) be the first derivative of -v**4/4 + 11*v**3/3 - 5*v**2 + v - 28. What is the remainder when i(7) is divided by 44?
39
Let o = 43 + 22. Let x = o - -4. Suppose 0*u - 5*u = -5*c + 105, -4*u - 12 = 0. Calculate the remainder when x is divided by c.
15
Suppose 0 = -7*o - 8 + 50. Calculate the remainder when 57*2/(0 - -2) is divided by 1/((15/(-200))/(o/(-4))).
17
Let x(n) = -5*n + 57. What is the remainder when 225 is divided by x(-3)?
9
Suppose 3*i + 4*w = 14, 2*w - 7 = 4*i - 33. Let s = -18 + 30. Calculate the remainder when s is divided by i.
0
Let z(v) = -13*v - 29. Let w be z(-6). Calculate the remainder when 4/(-14) + 2317/w is divided by 26.
21
Suppose -4*k + 5*l = 6*l - 102, -3*l - 6 = 0. What is the remainder when 335 is divided by k?
23
Suppose -4*c = -c - 258. Let f = 107 + -85. What is the remainder when c is divided by f?
20
Suppose 5*a - 15 = 0, -4*o = o + 2*a - 186. Suppose s + o = 2*u, -4*s - s = 5*u - 120. Suppose 2*b - 83 + 5 = 0. Calculate the remainder when b is divided by u.
19
Let v = -49 - -56. Let y(l) = l**3 - 3*l**2 - 19*l + 17. What is the remainder when y(v) is divided by 27?
26
Suppose -10 = 51